 greatest common factor of 1010 and 210.
10
What is the greatest common factor of 5 and 53441?
1
Calculate the greatest common divisor of 1352702 and 52.
26
Calculate the highest common divisor of 891 and 67650.
33
What is the greatest common factor of 7986 and 99462?
726
Calculate the highest common factor of 1944 and 152.
8
What is the greatest common factor of 391643 and 7?
7
Calculate the highest common divisor of 52514 and 1526.
14
Calculate the highest common divisor of 5 and 301.
1
What is the highest common factor of 6016 and 1222?
94
What is the highest common divisor of 16744 and 1079?
13
Calculate the highest common divisor of 6408 and 132.
12
Calculate the greatest common factor of 192 and 3365.
1
Calculate the greatest common divisor of 4823 and 5989.
53
Calculate the highest common factor of 264 and 15608.
8
What is the greatest common divisor of 1251672 and 12?
12
What is the greatest common divisor of 4468445 and 1910?
955
What is the highest common divisor of 25 and 18225?
25
Calculate the highest common divisor of 6 and 9952.
2
What is the highest common factor of 199361 and 236?
59
Calculate the greatest common divisor of 77 and 4873.
11
What is the highest common factor of 477323 and 385?
77
What is the highest common divisor of 3634 and 15642?
158
Calculate the greatest common factor of 40363 and 20739.
223
What is the highest common factor of 3348 and 6804?
108
What is the highest common divisor of 9300 and 137600?
100
Calculate the greatest common divisor of 233 and 677797.
233
Calculate the greatest common factor of 855 and 1593.
9
Calculate the highest common factor of 75 and 60425.
25
Calculate the greatest common factor of 355068 and 252.
252
What is the highest common factor of 68024 and 240?
8
Calculate the highest common divisor of 8230 and 2.
2
Calculate the highest common divisor of 18452 and 6412.
28
Calculate the highest common divisor of 30535 and 31.
31
What is the highest common factor of 2 and 7162?
2
What is the highest common divisor of 2904 and 192?
24
What is the greatest common divisor of 811 and 88399?
811
What is the greatest common factor of 128 and 904?
8
What is the highest common factor of 722 and 82?
2
What is the greatest common divisor of 39033 and 27?
9
What is the highest common divisor of 504 and 2988?
36
Calculate the highest common divisor of 190 and 1024005.
95
Calculate the greatest common factor of 1062 and 13334.
118
Calculate the highest common factor of 3196700 and 400.
100
What is the greatest common divisor of 3157 and 17941?
77
Calculate the highest common factor of 99 and 151239.
33
What is the highest common divisor of 14523 and 7725?
309
Calculate the highest common divisor of 20 and 471160.
20
Calculate the greatest common factor of 42275 and 1157.
89
Calculate the highest common factor of 33966 and 11764.
34
Calculate the highest common divisor of 45375 and 3509.
121
What is the highest common factor of 374125 and 10?
5
Calculate the highest common divisor of 452 and 149386.
226
Calculate the greatest common divisor of 827 and 16.
1
Calculate the greatest common factor of 744314 and 6886.
626
What is the greatest common factor of 111877 and 17?
17
What is the highest common divisor of 23 and 2461?
23
What is the highest common divisor of 100 and 1247500?
100
What is the greatest common factor of 128364 and 64524?
228
Calculate the greatest common divisor of 4563 and 2535.
507
Calculate the greatest common divisor of 419783 and 98.
49
Calculate the greatest common divisor of 1414 and 771337.
707
What is the greatest common factor of 2112 and 7104?
192
Calculate the highest common divisor of 257457 and 3.
3
What is the highest common factor of 560 and 38000?
80
What is the greatest common divisor of 473 and 1507?
11
What is the greatest common factor of 58255 and 32470?
955
What is the greatest common factor of 20031 and 33?
33
Calculate the greatest common factor of 98 and 11312.
14
Calculate the greatest common factor of 1100 and 319.
11
What is the greatest common divisor of 38554 and 925?
37
What is the greatest common divisor of 590 and 224849?
59
What is the highest common factor of 8456 and 182408?
1208
Calculate the highest common divisor of 87 and 11861.
29
What is the greatest common divisor of 116688 and 12?
12
Calculate the highest common divisor of 4148 and 1292.
68
What is the greatest common divisor of 4600375 and 4875?
1625
What is the highest common divisor of 7936 and 566432?
992
What is the greatest common factor of 441 and 6804?
63
What is the highest common factor of 1740 and 286665?
435
Calculate the greatest common divisor of 61055 and 5.
5
Calculate the highest common divisor of 14224 and 16.
16
What is the highest common divisor of 1248 and 110928?
48
Calculate the greatest common divisor of 320 and 1774080.
320
Calculate the highest common factor of 570 and 36870.
30
Calculate the highest common factor of 4563 and 7332.
39
Calculate the greatest common factor of 180 and 350580.
60
Calculate the greatest common factor of 9977 and 33.
11
What is the highest common factor of 1911 and 2891?
49
What is the highest common divisor of 4 and 4502?
2
What is the greatest common divisor of 65 and 6610?
5
Calculate the greatest common factor of 616 and 141603.
77
Calculate the highest common divisor of 22196 and 31868.
124
What is the greatest common factor of 8250 and 66?
66
Calculate the highest common divisor of 594509 and 1373.
1373
What is the highest common factor of 244 and 154391?
61
Calculate the highest common divisor of 60356 and 1146.
382
What is the greatest common divisor of 1292 and 4556?
68
What is the highest common divisor of 95 and 204085?
5
What is the greatest common factor of 10412 and 608?
76
What is the greatest common factor of 1768 and 2617082?
442
What is the highest common divisor of 180 and 7090?
10
Calculate the highest common divisor of 10 and 162062.
2
Calculate the highest common factor of 628264 and 2184.
728
Calculate the highest common divisor of 2648 and 32.
8
What is the greatest common divisor of 414 and 2875?
23
What is the greatest common divisor of 924 and 6908?
44
Calculate the greatest common factor of 11 and 8753371.
11
Calculate the greatest common divisor of 356 and 669102.
178
What is the greatest common factor of 752540 and 1379?
197
What is the highest common divisor of 1332216 and 88?
8
What is the greatest common divisor of 5240 and 16637?
131
What is the highest common factor of 47 and 929?
1
What is the highest common factor of 1280 and 60?
20
Calculate the highest common factor of 1043 and 13862513.
1043
Calculate the highest common divisor of 2525353 and 62.
31
What is the highest common factor of 1909 and 2407?
83
What is the highest common divisor of 300876 and 12?
12
Calculate the greatest common factor of 12025 and 39.
13
Calculate the highest common divisor of 2440 and 421510.
610
Calculate the highest common divisor of 83504 and 2346.
34
Calculate the highest common divisor of 50 and 82370.
10
Calculate the highest common factor of 5244 and 28428.
276
What is the highest common factor of 54418 and 184?
46
What is the greatest common divisor of 87661 and 56?
7
Calculate the greatest common divisor of 6474860 and 10.
10
What is the highest common divisor of 135 and 1583388?
27
What is the greatest common divisor of 99830 and 402?
134
What is the highest common divisor of 11 and 9977?
11
What is the highest common factor of 6 and 7521336?
6
What is the highest common divisor of 83183 and 3281?
193
Calculate the greatest common divisor of 33418 and 217.
217
Calculate the greatest common factor of 506 and 9976802.
506
Calculate the highest common divisor of 109093 and 7493.
127
What is the highest common divisor of 79575 and 75?
75
What is the greatest common divisor of 12749 and 42944?
671
What is the greatest common divisor of 9639 and 126?
63
What is the greatest common divisor of 1127 and 61103?
49
What is the greatest common divisor of 54868 and 8729?
1247
Calculate the greatest common divisor of 86 and 1502.
2
Calculate the greatest common factor of 3204 and 63.
9
What is the greatest common factor of 30950 and 2850?
50
Calculate the highest common divisor of 33 and 706827.
33
What is the highes